13).
-8
Let q(v) = -v - 132. Give q(-75).
-57
Let w(h) = -409*h - 205. Calculate w(-1).
204
Let w(v) = v**3 - 50*v**2 + 6*v - 269. Calculate w(50).
31
Let v(d) = d**2 + 52*d + 277. What is v(-46)?
1
Let x(o) = -15*o + 230. Give x(15).
5
Let h(y) = -y - 33. Give h(-16).
-17
Let p(v) = 20*v**2 + 1146*v - 822. What is p(-58)?
-10
Let k(t) = -2*t**3 - 27*t**2 + 8*t + 106. Calculate k(-14).
190
Let z(n) = 345*n**2 + 2069*n + 6. Give z(-6).
12
Let o(n) = -43*n + 1177. Determine o(27).
16
Let m(b) = 11*b**2 - 162*b - 29. What is m(15)?
16
Let g(k) = 6*k**2 + 130*k + 114. Calculate g(-19).
-190
Let x(u) = 6102*u - 21. What is x(0)?
-21
Let s(j) = j**3 + 16*j**2 - 61*j + 35. Determine s(-19).
111
Let t(k) = -6*k**2 + 523*k - 8342. Give t(21).
-5
Let d(m) = 112*m - 1914. Give d(17).
-10
Let g(z) = -2*z**3 - z**2 - 50*z + 96. What is g(2)?
-24
Let m(p) = -p**2 - 29*p - 101. What is m(-20)?
79
Let k(s) = s**3 - 7*s**2 - 144*s + 790. Give k(6).
-110
Let p(q) = 50*q - 6497. Give p(130).
3
Let z(w) = -877*w - 6127. Calculate z(-7).
12
Let k(q) = 41*q**2 - 442*q - 96. Calculate k(11).
3
Let f(r) = -12*r**2 - 962*r - 166. Calculate f(-80).
-6
Let p(c) = 2*c**2 - 119*c + 365. Determine p(57).
80
Let r(p) = -2*p**2 - 162*p + 177. Determine r(-83).
-155
Let r(c) = -c**2 + 198*c - 9783. Give r(102).
9
Let d(c) = 21*c**2 + 38*c + 105. Give d(-3).
180
Let r(l) = 3*l**2 - 165*l - 9. What is r(55)?
-9
Let m(b) = -132*b + 22890. What is m(174)?
-78
Let l(j) = j**3 + 45*j**2 + 29*j - 608. Give l(-44).
52
Let q(r) = 31*r - 159. Calculate q(6).
27
Let f(w) = 3*w**3 + 61*w**2 + 22*w + 26. What is f(-20)?
-14
Let i(h) = -355*h + 2252. What is i(6)?
122
Let d(i) = -355*i + 4268. Calculate d(12).
8
Let s(v) = -19*v - 233. Determine s(-11).
-24
Let b(y) = -y**3 - 31*y**2 - 11*y + 441. Determine b(-30).
-129
Let c(i) = i**2 + 34*i + 307. Give c(-17).
18
Let f(q) = -q**3 + 11*q**2 + 35*q - 435. What is f(10)?
15
Let h(v) = 7254*v - 29022. What is h(4)?
-6
Let d(w) = -w**2 + 305*w - 1504. What is d(5)?
-4
Let d(a) = 231*a - 8072. Determine d(35).
13
Let s(t) = t**3 + 51*t**2 - 102*t + 97. Calculate s(-53).
-115
Let v(i) = -3*i**2 - 51*i - 164. Give v(-9).
52
Let x(m) = -421*m + 2070. Determine x(5).
-35
Let y(o) = 3*o**3 + 30*o**2 - 4*o - 1. What is y(-4)?
303
Let u(o) = 2*o**2 - 3*o + 8. Give u(-5).
73
Let x(b) = -b**2 + 1786*b - 49211. Give x(28).
13
Let v(j) = 118*j - 472. Give v(6).
236
Let t(d) = -d**3 - 12*d**2 + 11*d - 45. What is t(-13)?
-19
Let l(a) = 652*a - 5373. Calculate l(8).
-157
Let f(z) = 2*z**2 - 55*z + 31. Give f(0).
31
Let f(c) = 103*c + 124. Calculate f(-8).
-700
Let n(h) = 18*h**2 + 3562*h - 407. Calculate n(-198).
-11
Let v(h) = -4*h**2 + 71*h - 163. Determine v(3).
14
Let b(w) = -2*w**2 + 427. Calculate b(17).
-151
Let h(i) = i**3 - 8*i**2 - 1245*i + 11102. Calculate h(9).
-22
Let o(v) = 5*v**3 - 104*v**2 + 69*v - 85. Determine o(20).
-305
Let a(w) = -901*w + 7149. Give a(8).
-59
Let j(i) = 13*i + 623. Calculate j(-48).
-1
Let u(s) = -2*s**2 + 32*s + 56. Determine u(18).
-16
Let k(l) = -3*l + 1026. Give k(17).
975
Let o(b) = 5*b + 105. Calculate o(-8).
65
Let d(f) = -1164*f + 3492. Give d(3).
0
Let u(k) = k**3 - 16*k**2 - 274*k + 4338. Give u(15).
3
Let a(z) = -7*z**2 + 727*z + 2403. Calculate a(107).
49
Let i(j) = j**2 - 82*j - 1312. Determine i(96).
32
Let m(a) = 166*a + 502. Calculate m(-3).
4
Let z(n) = -2*n**2 - 175*n - 3396. Determine z(-29).
-3
Let n(g) = 15*g + 5. Calculate n(2).
35
Let b(w) = -50*w**2 + 60*w - 4. What is b(-2)?
-324
Let p(o) = o**2 + 60*o + 885. Calculate p(-29).
-14
Let k(u) = 9*u - 230. Give k(28).
22
Let t(d) = d**3 - 15*d**2 + 30*d - 221. Determine t(14).
3
Let q(j) = -j**2 - 36*j + 2. Calculate q(-26).
262
Let q(k) = 61*k + 670. Determine q(-11).
-1
Let k(w) = -w**3 - 257*w**2 + 2945*w - 2. What is k(11)?
-35
Let z(t) = -t**3 + 13*t**2 - 45*t + 588. Calculate z(13).
3
Let s(z) = z**3 + 136*z**2 + 936*z + 4258. Give s(-129).
1
Let t(p) = -p**3 + 4. Determine t(-2).
12
Let z(b) = 1332*b - 2668. Give z(2).
-4
Let k(p) = -39*p**2 + 33*p + 104. Determine k(-3).
-346
Let a(o) = -16*o - 912. Calculate a(-57).
0
Let d(y) = -y**3 - 92*y**2 - 18*y - 1663. Determine d(-92).
-7
Let w(j) = -9*j + 338. Calculate w(33).
41
Let x(r) = -220*r + 142. Give x(-5).
1242
Let f(r) = -53*r + 20. Determine f(-3).
179
Let s(g) = -2*g**2 + 14*g + 134. Determine s(12).
14
Let j(x) = -x**3 + 6*x**2 + 10*x + 32. What is j(6)?
92
Let h(k) = -9*k**2 + 144*k + 146. Give h(-1).
-7
Let o(y) = -2*y**3 - 36*y**2 - 49*y - 263. Determine o(-17).
-8
Let m(h) = 5*h**2 + 19*h - 316. Calculate m(-10).
-6
Let w(z) = -9*z**3 + 28*z**2 + 122*z + 4. Calculate w(-5).
1219
Let j(c) = 27*c - 775. What is j(28)?
-19
Let o(t) = -5*t**2 + 143*t - 919. Calculate o(17).
67
Let v(f) = 205*f - 1096. Give v(5).
-71
Let f(r) = r**3 - 133*r**2 - 19. Give f(0).
-19
Let y(v) = 24*v - 1323. Calculate y(55).
-3
Let d(i) = -i**3 - 17*i**2 - 59*i + 86. Calculate d(-11).
9
Let m(k) = -2*k**2 - 230*k - 1762. What is m(-8)?
-50
Let a(t) = -6*t - 5. What is a(4)?
-29
Let v(u) = 5400*u + 16203. Determine v(-3).
3
Let m(t) = -103*t - 3919. Determine m(-38).
-5
Let w(z) = -497*z + 487. Give w(1).
-10
Let o(x) = 3*x**2 - 84*x - 528. Calculate o(32).
-144
Let w(q) = -q**3 + 255*q - 27. Calculate w(16).
-43
Let c(d) = d**2 - 2*d - 182. What is c(-14)?
42
Let y(a) = 1473*a - 5913. Calculate y(4).
-21
Let z(o) = 5149*o + 10312. Determine z(-2).
14
Let s(m) = -34*m**2 + 888*m + 888. Determine s(-1).
-34
Let r(l) = -3*l**2 - 311*l - 4622. Give r(-18).
4
Let i(f) = -6*f**2 - 36*f - 16. Give i(-7).
-58
Let y(f) = -2*f**2 + 299*f - 725. Give y(147).
10
Let z(y) = 2*y**3 + y**2 - 26*y - 5. Give z(4).
35
Let f(k) = 5*k - 110. Give f(36).
70
Let u(s) = s**3 - 3*s**2 - 1939*s + 7737. Give u(4).
-3
Let u(k) = -6*k - 160. Calculate u(-27).
2
Let k(g) = -17*g + 1015. Give k(61).
-22
Let c(v) = v**3 + 43*v**2 + 28*v - 601. Calculate c(-42).
-13
Let q(u) = 4*u**2 - 15*u - 11. Determine q(5).
14
Let m(l) = -5*l**2 + 100*l - 5. What is m(15)?
370
Let h(r) = 3*r**2 - 125*r - 7. Determine h(38).
-425
Let h(a) = 22*a**2 - 1868*a - 170. Give h(85).
0
Let h(r) = -r**3 + 26*r**2 - 40*r - 7. Give h(0).
-7
Let o(y) = -10*y - 692. What is o(-20)?
-492
Let t(f) = f**3 - 4*f**2 - 2*f - 3. Give t(4).
-11
Let d(c) = -c**3 - 15*c**2 + 3*c + 159. What is d(-16)?
367
Let v(l) = l**3 + 18*l**2 + 24*l - 439. Calculate v(-14).
9
Let p(o) = 7*o**2 + 1733*o + 990. Give p(-247).
2
Let c(l) = -32*l - 366. Give c(-10).
-46
Let k(h) = h**3 - 14*h**2 - 47*h + 140. Give k(16).
-100
Let j(c) = 3*c**2 + 23*c - 307. What is j(-15)?
23
Let w(n) = -46*n + 2877. Calculate w(65).
-113
Let l(k) = k**2 + 45*k + 310. What is l(-37)?
14
Let y(w) = -4276*w + 21385. Determine y(5).
5
Let b(k) = 25*k + 444. Determine b(-18).
-6
Let i(p) = -p**3 - 17*p**2 + 37*p + 200. Calculate i(-17).
-429
Let o(d) = -d**2 + 1256*d + 5031. Calculate o(-4).
-9
Let z(l) = 20*l**2 + 99*l - 6. Determine z(-5).
-1
Let h(a) = -275*a - 273. Calculate h(-1).
2
Let a(k) = 340*k + 12214. Calculate a(-36).
-26
Let r(l) = l**2 + 51*l - 40. Calculate r(9).
500
Let r(k) = 561*k - 6954. Give r(12).
-222
Let f(w) = -9*w**2 - 484*w - 370. Determine f(-53).
1
Let b(v) = -4*v**2 + 224*v - 120. What is b(54)?
312
Let x(h) = -98*h - 1465. Calculate x(-15).
5
Let t(v) = 17*v**3 - v**2 - 3*v - 1. Give t(-2).
-135
Let v(i) = i**2 - 54*i - 314. What is v(60)?
46
Let d(j) = 2*j**2 + 19*j - 311. Calculate d(-18).
-5
Let y(f) = -f**3 + 16*f**2 + 33*f + 100. Give y(18).
46
Let f(c) = 148*c + 7994. Give f(-54).
2
Let m(n) = -2070*n + 6210. Give m(3).
0
Let p(d) = 107*d + 1205. Calculate p(-11).
28
Let p(d) = 89*d**2 - 41*d + 75. Determine p(2).
349
Let u(j) = -j**3 - 7*j**2 + 66*j + 409. Give u(-9).
-23
Let a(v) = -8*v - 315. Determine a(0).
-315
Let y(a) = 5*a**3 - 12*a**2 + 14*a - 10. Determine y(5).
385
Let o(z) = 114*z + 7361. Determine o(-65).
-49
Let n(a) = 1424*a + 1418. Calculate n(-1).
-6
Let z(h) = -h**3 - 17*h**2 - 15*h - 525. Calculate z(-17).
-270
Let l(f) = -6*f**2 - f + 5. Give l(5).
-150
Let d(g) = 1401*g + 35041. Give d(-25).
16
Let k(h) = -40*h + 2788. Give k(70).
-12
Let s(t) = -112*t**3 + 13*t**2 - 2*t + 8. What is s(2)?
-840
Let r(o) = -49*o + 248. What is r(5)?
3
Let k(i) = 3*